 - 23. What is the remainder when f(t) is divided by c?
14
Suppose n + 20 = 5*n. What is the remainder when 37/5 - (-4)/(-10) is divided by n?
2
Suppose -4*k + 16 = 5*p, -k = 3*k - p - 40. What is the remainder when 44 is divided by k*((-40)/(-6))/4?
14
What is the remainder when 11 + 2 + (0 - 2) is divided by ((-27)/18)/(2/(-8))?
5
Suppose 4*l - 74 = 4*i - 2*i, -l + 4*i + 1 = 0. What is the remainder when l is divided by 12?
9
Let h(t) = 6*t**2 + 2*t. What is the remainder when 29 is divided by h(1)?
5
Let z(l) = l + 7. Let d be z(-7). Suppose -3*j + 3 + 3 = d. Suppose 0 = -j*v - 4*f + 38, 5*f = v + 11 - 2. Calculate the remainder when 31 is divided by v.
9
Let z(u) = 4*u**2 + 6*u - 4. Let s be z(5). Suppose -3*l = 3*l - s. Calculate the remainder when l is divided by 8.
5
Let m be (-1 + -3)/(4/(-2)). Suppose -m*d = -4*i + 70, -4*d - 40 = -2*i - 2*d. Calculate the remainder when 28 is divided by i.
13
Let u = -2 + 12. Let j(t) = t**2 - 20*t - 17. What is the remainder when u is divided by j(21)?
2
Let t(o) = -o + 3. Let w be (-900)/63 + 2/7. Let d(l) = l**2 + 3*l - 1. Calculate the remainder when t(w) is divided by d(-5).
8
Let g(u) = u**2 + 4*u - 7. Let z = -22 - -15. Let s = 1 - z. What is the remainder when s is divided by g(-6)?
3
Let n(g) = 4*g**2 - g - 1. Let t be (2*1)/(4 - 6). What is the remainder when 7 is divided by n(t)?
3
Let b be 19/4 - 2/(-8). Suppose 2*z = b*z - 102. Let g = -126 + 144. What is the remainder when z is divided by g?
16
Let l be (-4)/14 + 144/14. Let n = l - 3. Suppose 0 = 2*g - n*g + 50. Calculate the remainder when g is divided by 4.
2
Let x = 363 - 359. What is the remainder when (15 - (1 + -2)) + -1 is divided by x?
3
Let w = -26 + 26. Suppose w = -5*v - z + 24, 25 + 7 = 3*v + 5*z. Calculate the remainder when 10 is divided by v.
2
Let h = 9 + 6. Let s = -17 + -5. Calculate the remainder when s/4*(-3 - 5) is divided by h.
14
Let z(i) = 34*i**2 + i. Let r be z(-1). Suppose -2*h + 5*h - r = 0. Calculate the remainder when 31 is divided by h.
9
Suppose 0 = -3*k + a + 28 + 30, -2*k + 5*a = -56. Suppose -4*j + 126 + 14 = 0. Let g = 87 - j. Calculate the remainder when g is divided by k.
16
Let y = -75 + 76. Calculate the remainder when 9 is divided by y.
0
Suppose 0*c + 5*r = 3*c + 23, 2*c = -5*r - 7. What is the remainder when (c/(-4))/(4/72) is divided by 14?
13
Let i = -10 + 14. Let j = 8 - i. Suppose -j*t - 22 = -58. Calculate the remainder when t is divided by 6.
3
Let s = 20 - 14. What is the remainder when 10 is divided by s?
4
Let l(f) = f**3 - 3*f**2 - 5*f - 2 - f**2 + 6*f. Calculate the remainder when 3 is divided by l(4).
1
What is the remainder when 123 is divided by 3/(-2) + 279/18?
11
Let y = 2 - 2. Suppose -4*b - 3*v + 18 = y, 4*b - 14 = -2*v + v. Suppose -a + b*a = 46. Calculate the remainder when a is divided by 8.
7
Let y = 5 + -10. Let t(o) = -3*o - 1. Calculate the remainder when 55 is divided by t(y).
13
Suppose 37*t = 32*t + 70. What is the remainder when 208 is divided by t?
12
Let c(v) = -2*v + 57. What is the remainder when 98 is divided by c(12)?
32
Let p be (-189)/(-3) + (-1 - 0). Suppose -c + 4*c - 47 = -d, d - p = -4*c. Suppose -n + 43 = -0*n. Calculate the remainder when n is divided by c.
13
Let j = 19 - -33. Calculate the remainder when j is divided by 14.
10
Suppose 2*y + 26 = 228. What is the remainder when y is divided by 34?
33
Suppose 0*u - 5*t - 111 = -4*u, -28 = -u + t. Let k(p) be the first derivative of 3*p**2/2 - 3*p + 1. Calculate the remainder when u is divided by k(6).
14
Let x = -6 + 12. Suppose x = 2*k - 32. What is the remainder when (-4)/(-10) + (-183)/(-5) is divided by k?
18
Suppose 0 = -3*l + 8*l. Suppose h = -l + 1. Calculate the remainder when 25 is divided by 7 + (-1 - (-2 + h)).
4
Suppose -l + 5 = 2*n, -5*l - 17 - 10 = -3*n. Suppose -2*h + 2*o + 44 = 0, 2*h = n*o + 50 - 8. What is the remainder when h is divided by 8?
7
Let v = 17 - 15. Suppose -v*m - 346 = -4*n, 0*n - 5*m = -5*n + 440. What is the remainder when n is divided by 22?
19
Suppose b + 3*a = -4*b + 41, -5*a = -3*b + 11. Let g = -164 + 169. What is the remainder when b is divided by g?
2
Suppose 0 = 4*p - 2*p - 58. Suppose 0 = 3*x + 56 - 5. Let c = x + p. What is the remainder when 23 is divided by c?
11
Let i(c) = -11*c - 31. What is the remainder when i(-7) is divided by 16?
14
Let s be (2 - 0) + -3 + -14. Let z = s - -22. Suppose 0 = 2*l - 11 - 13. What is the remainder when l is divided by z?
5
Let u(k) = 3*k**3 - 4*k**2 + 3*k - 2. Calculate the remainder when 23*((-3 - -2) + 2) is divided by u(2).
11
What is the remainder when 35 is divided by (45/(-10))/(2/(-4))?
8
Suppose -4*q + 3 = 35. Let h = 11 + q. Calculate the remainder when 5 is divided by h.
2
Suppose -3*p = -2*s - 77, 108 = -2*p + 6*p - 4*s. Calculate the remainder when 204 is divided by p.
20
Suppose -5*o = 12 - 37. Suppose 3*k + 5*r - 56 = 0, -3*k + 20 = r - 5*r. What is the remainder when k is divided by o?
2
Let c = -33 - -44. What is the remainder when 73 is divided by c?
7
Let h(q) = -2*q**3 + 5*q**2 - 2*q + 5 - q + 3*q**3. Calculate the remainder when h(-4) is divided by 2/8 + (-67)/(-4).
16
Let r = -10 - -13. Suppose 3*i + a + 8 = 5*a, -2*i + 4*a - 12 = 0. Calculate the remainder when i is divided by r.
1
Let p(z) = 2*z**2 + 5*z + 4. Suppose 0 = 2*i - 33 + 13. Calculate the remainder when p(-5) is divided by i.
9
Let p(v) = -2*v**2 + 29*v - 7. Calculate the remainder when 124 is divided by p(13).
28
Let d = -1 + 11. Let i = 13 - d. What is the remainder when i is divided by 3?
0
Suppose 1 = -4*k + 9. Suppose -14 = -z + y, -k*z + 58 = 3*z - y. Calculate the remainder when 30 is divided by z.
8
Suppose -8 + 25 = x. Calculate the remainder when x is divided by 5 - (1 + -1 + -1).
5
Let p be (-4)/(-18) - (-258)/54. Let d = 0 + p. Suppose 0 = -d*f - 4*r + 75, -4 = -5*f + r + 96. Calculate the remainder when f is divided by 7.
5
Let p(q) = -9. Let i(g) = g - 8. Let a(b) = 7*i(b) - 6*p(b). What is the remainder when 34 is divided by a(2)?
10
Suppose 9*w - 360 = 3*w. Suppose k = -5*k + w. Calculate the remainder when k is divided by 3.
1
Let n(c) = c**2 - 5*c - 3. Let h be n(6). Let g = 5 - h. Suppose 0 = -g*q + 5 + 5. Calculate the remainder when 14 is divided by q.
4
Suppose 3*r = -r + 24. Suppose -k - 5*z = 25, 2*z - 3*z = -2*k - r. Let l = k - -8. What is the remainder when 10 is divided by l?
1
Let k(f) = -f**2 + 8*f + 7. Let w(c) = c**3 - 3*c**2 + 3*c + 4. Let d be 20/8*6/5. What is the remainder when w(d) is divided by k(8)?
6
Suppose 3*j + 1 + 4 = 4*r, 0 = -4*j + 4*r - 8. Suppose -h + 6*h = 200. Calculate the remainder when h is divided by -28*j/6*1.
12
Suppose 4*n = 5*i - 50, 4*n - 42 = -2*i + 6. Let m = 867 + -858. Calculate the remainder when i is divided by m.
5
Let t(b) = 8*b**2 - 3*b + 4. Calculate the remainder when t(3) is divided by 23.
21
Let f(h) = -h**3 - 6*h**2 - 7*h + 2. Calculate the remainder when 45 is divided by f(-5).
9
Let s be 1 + -3 - (-14 + 1). Let p = s - 8. Calculate the remainder when 5 is divided by p.
2
Suppose -3*t - 20 = -8*t. Suppose -q - t = -2. What is the remainder when (-3 - 53/q)*2 is divided by 12?
11
Let u(z) = 9*z**3 + z**2 - z + 1. Suppose -3 = -3*x - 0*x - 5*f, x - 3 = -f. What is the remainder when u(1) is divided by x?
4
Suppose 5*w - 132 - 221 = 4*z, 3*z = 5*w - 356. Let q = w - -9. Calculate the remainder when q is divided by 28.
26
Suppose -z + 2*z = 0. Suppose 0 = -z*k - k + 14. Suppose 7 = 3*u - 4*j, 0 = 2*j - 4. Calculate the remainder when k is divided by u.
4
Suppose 0*g = 3*g. Let p be (g - 2 - -7) + -2. Calculate the remainder when 1*(4/2 + p) is divided by 2.
1
Let x(n) = 4*n - 2. Let v be x(2). Let k(f) = 4*f - 5. What is the remainder when 5/2*22/4*4 is divided by k(v)?
17
Let w(d) be the second derivative of -d**3/6 + 4*d**2 - d. Let s be w(6). Calculate the remainder when 52/4 - (-6)/s is divided by 9.
7
Let b = 235 - 102. What is the remainder when b is divided by 34?
31
Let d be ((0 + 0)/(-4))/(-2). Suppose -3*k + 16 + 5 = d. What is the remainder when 18 is divided by k?
4
Suppose -o - 14 = -8*o. Let l be (-2)/(-5) + 8/5. Suppose 2*j = 3*j - l. Calculate the remainder when j is divided by o.
0
Suppose -4*v - v - 60 = 0. What is the remainder when 8/(-5)*210/v 